ommon factor of 4 and j.
4
Let q = -22 - -11. Let k = -8 - q. Suppose -2*f + 0*f - 2 = k*d, -5*f = -2*d - 33. What is the greatest common factor of f and 20?
5
Let y = -461 - -465. Let i = 11 - 26. Let b = -9 - i. What is the greatest common divisor of y and b?
2
Suppose 6140 - 17528 = -78*i. Calculate the greatest common factor of i and 949.
73
Let k(u) = -2*u**3 - u**2 + 54. Let t be k(0). Calculate the greatest common factor of 189 and t.
27
Suppose -8*x = -18*x + 50. Let b(u) = 2*u**2 + 10*u + 7. Let m be b(-7). What is the highest common factor of m and x?
5
Let f(t) = 23*t - 1. Let j be f(1). What is the highest common factor of 66 and j?
22
Let y(o) = o**3 + 6*o**2 - 3*o + 6. Let a be y(-6). Suppose 7*j - a - 109 = 0. Calculate the greatest common divisor of j and 19.
19
Let y = -1173 + 1187. Suppose 175 = -p + 6*p. Calculate the highest common divisor of y and p.
7
Let n(g) = 4*g - 27. Let d be n(7). Let c be (-4 + 11 + 2)/d. What is the highest common factor of c and 18?
9
Let v be (-51)/(-5) + 1/(-5). Let m be (210/(-12))/5*((-72)/(-21) - 4). Calculate the highest common factor of v and m.
2
Let r = 14 - 8. Suppose 0 = 4*t - 3*q - 24, -t - q = -0*t + 1. Suppose 4*f - 5*f = -t. Calculate the greatest common factor of r and f.
3
Let l be 1 - 2/3*27. Let v = 33 + l. Let m = -4 + v. Calculate the greatest common factor of m and 132.
12
Suppose 5*o + 4*z - 75 = 5*z, o - z = 19. Let m be (o + 7)*1/1. Calculate the highest common factor of 63 and m.
21
Suppose -5*m = -4*m - 244. Let v = m + -145. Suppose 5*g - 15 = 30. Calculate the greatest common factor of v and g.
9
Let s be (1287678/1288)/(22/16 + -1). What is the greatest common factor of 31 and s?
31
Let g(q) = 5*q**2 - 2*q - 7. Let x be g(6). Let t be x/4 - 4/16. What is the greatest common divisor of 8 and t?
8
Let u = 729 - 691. What is the highest common factor of 836 and u?
38
Let h be ((-18)/7)/((-24)/2912). What is the highest common factor of h and 546?
78
Suppose -3*z = -249 - 3. What is the greatest common divisor of z and 196?
28
Suppose 8*u - 4*u - 96 = 0. Let f(i) = 69*i**2 - 15*i. Let m be f(-1). Calculate the highest common factor of m and u.
12
Let c(p) = 3*p**3 - p**2 - 2*p + 1. Let m be c(4). Suppose 872*t - 889*t + 221 = 0. What is the greatest common factor of m and t?
13
Suppose 36*h = 32*h + 816. What is the greatest common divisor of h and 12?
12
Suppose -5*d + 7*d = 4*b + 4, -3*d + 2*b = -6. What is the highest common factor of 16 and d?
2
Suppose -12 = -n - 2*n, -5*i - 5*n + 275 = 0. Suppose -4*v = -i - 333. Calculate the greatest common factor of 12 and v.
12
Let o = -11 + 43. Let c(n) = -8*n - 5. Let p be c(-6). Let w = p - 27. What is the greatest common factor of w and o?
16
Let l be (-1194)/(-14) + (-16)/56. Suppose 11*m - l = 6*m. Suppose 5*p = -4*q + 219, 0*p + 15 = 5*p. What is the highest common factor of m and q?
17
Suppose 14*o - 15*o = -621. Calculate the highest common factor of o and 27.
27
Let l be (8/14)/(20/1890). Calculate the greatest common divisor of l and 24.
6
Let f = 518 + -511. Let p be 12/(3/(5 + -2)). Let i be (-19)/(-3) + 8/p. What is the greatest common divisor of f and i?
7
Let y(x) = -7*x - 3. Let h be -5 + 0 + (-4)/(-4). Let v be y(h). Calculate the highest common divisor of 50 and v.
25
Suppose -3*z + 110 = 4*a, -2*z + 3*a + 55 = 2*a. What is the highest common factor of z and 270?
30
Suppose 3 = d + 6*m - m, 0 = 4*d - 4*m - 12. Let t be d/2*(-8)/(-3). Let w = 78 - 66. What is the highest common divisor of t and w?
4
Suppose 8 = -5*k + 23. Suppose -i + k - 1 = 0. Let v(w) = 5*w**2 - 2*w + 2. Let l be v(i). Calculate the highest common factor of l and 144.
18
Let c(i) = i**2 + i + 8. Let n be c(-6). Let u = -53 - n. Let k be 74/14 + 26/u. Calculate the highest common divisor of k and 20.
5
Let u(z) = 2*z**2 - 9*z + 19. Let l(n) = -n**3 - 3*n**2 + 5*n + 8. Let s be l(-3). Let w be u(s). Calculate the highest common divisor of 72 and w.
36
Let r = 33 + -5. Let v = 37 - 33. Calculate the highest common divisor of v and r.
4
Suppose -12*n - 109 = -865. Calculate the greatest common divisor of n and 567.
63
Let f be 2/9 + 22/(-99). Suppose 5*p = f, 5*m - 21 = 2*p + 19. What is the highest common factor of m and 128?
8
Let d = 1832 + -806. Let l be 2/(-8) - d/(-8). Let g = -60 + 76. Calculate the highest common divisor of l and g.
16
Suppose 2*t = -1 + 53. Calculate the highest common factor of t and 2.
2
Suppose -4*b + 6 = 3*t, -5*b = -3*b + 5*t + 4. Suppose j + 12 = 5*j. What is the greatest common divisor of b and j?
3
Let s = -10 - -18. Let t(w) = 352*w - 3432. Let g be t(10). Calculate the greatest common divisor of s and g.
8
Suppose 0 = -3*u + 4*m - 3, 0 = 5*u + 4*m - m + 5. Let k be (u - -8)*(-2 - (-26)/7). What is the greatest common factor of 24 and k?
12
Suppose -4*u - 16 = 4*x, 0*u - 3*x - 12 = 4*u. Suppose 0 = -u*c + 2*c + l - 57, 0 = c - 2*l - 36. What is the greatest common factor of 75 and c?
15
Suppose 0 = 3*v - 6*v + 27. Let w(l) = -3*l - 16. Let z be w(-6). Suppose 0 = 2*i + i - y - 14, -y = -z*i + v. Calculate the highest common factor of i and 10.
5
Let q(d) = 139*d - 98. Let t be q(2). What is the highest common factor of 780 and t?
60
Suppose 0 = -15*f - 206 + 866. Calculate the greatest common factor of 297 and f.
11
Let i be (18 - 0)*30/4. Suppose 2*f = -0 + 6. Let b be -28*(f/3 + -3) - 2. Calculate the greatest common factor of b and i.
27
Suppose -4926 = -51*v + 15627. Calculate the greatest common factor of v and 124.
31
Suppose -2*i - 3*i - 75 = 0. Let a be (25/i)/((-1)/54). Calculate the highest common divisor of 36 and a.
18
Suppose -3*f + 5*s - s = -22, -5*s = -4*f + 30. Suppose 3*c - 2*c - f = 0. What is the highest common factor of 30 and c?
10
Suppose 0 = -2*x - 3 + 49. Suppose w - 2*w = -69. What is the greatest common divisor of w and x?
23
Suppose -30 = 2*d - 3*d - u, -5*u = -5*d + 160. What is the greatest common factor of 527 and d?
31
Let k = -41 - -43. Suppose h - 5*l - 34 = -0*h, -4*l + 54 = k*h. What is the highest common divisor of h and 261?
29
Suppose -5*i - 71 = 4*z, 2*z - 5*i + 49 = z. Let b be 6*-4*2/z. Suppose b*n - 28 = -3*h - 0*n, -h + 9 = n. Calculate the greatest common divisor of h and 5.
5
Let i = -463 - -561. Calculate the highest common divisor of i and 14.
14
Let h be 7/35 + (-19)/(-5). Let o be (-2)/(0 - h)*4. Suppose o*f - 3*f + 1 = 0. Calculate the highest common divisor of 9 and f.
1
Let p = 2 + 3. Let w be -1*p/((-10)/12). Let f(r) = r**3 + 4*r**2 - 2*r - 2. Let d be f(-4). What is the greatest common factor of d and w?
6
Let b(n) = 4*n + 4*n - n + 2*n + 9. Let s be b(6). Suppose -9*w = -8*w - 9. What is the greatest common divisor of s and w?
9
Suppose -8*q + 3*i = -11*q + 63, 4*i = -5*q + 108. What is the highest common factor of q and 12?
12
Let s = 70 + -32. Calculate the greatest common factor of 95 and s.
19
Let c(i) = -i**2 + 8*i - 5. Let j be c(7). Let u = -100 - -61. Let o be u/(-3) + 1 + 2. What is the greatest common divisor of j and o?
2
Let n(l) = 21*l - 2. Let k be ((-2)/4)/(2/(-8)). Let r be n(k). Suppose 0 = -o + 3*o - r. Calculate the highest common divisor of o and 20.
20
Suppose 78 = 4*z - 482. Suppose 0 = -3*u - 4*h + 105, -3*u - h = u - 140. What is the highest common divisor of u and z?
35
Suppose -34*n = -28*n - 588. Calculate the highest common factor of n and 14.
14
Suppose 9*u - 169 = -97. What is the highest common divisor of 6 and u?
2
Let v(i) = -5*i + 11. Suppose 0*h + r = 4*h + 22, 0 = -h - 2*r - 1. Let k be v(h). Calculate the greatest common factor of 12 and k.
12
Let v be (8/(-6) + 1)/((-17)/102). What is the highest common divisor of 1 and v?
1
Let c(w) = w**2 + 24*w + 97. Let r be c(-20). Let o = 209 + -56. What is the highest common divisor of o and r?
17
Let p(w) = -w**3 + 9*w**2 - 8*w - 8. Let h be p(8). Let f be (4/6)/(h/(-300)). Let v = 41 - f. Calculate the greatest common factor of v and 24.
8
Let a be (27/5)/((-4)/(-20)). Suppose 2*o - 66 = -4*q, 4*q - q = 3*o + a. Calculate the greatest common divisor of 21 and q.
7
Let z = 292 - 132. Suppose 12*h = 14*h - z. What is the greatest common divisor of h and 10?
10
Suppose -4*b - 217 = -233. Calculate the greatest common factor of 148 and b.
4
Suppose -3*a + a + 0*a = 0. Suppo